{"id":34,"date":"2022-09-26T23:00:58","date_gmt":"2022-09-27T04:00:58","guid":{"rendered":"https:\/\/joperep.com\/?page_id=34"},"modified":"2022-10-02T23:26:43","modified_gmt":"2022-10-03T04:26:43","slug":"home","status":"publish","type":"page","link":"https:\/\/joperep.com\/","title":{"rendered":"Home"},"content":{"rendered":"\n<p><strong style=\"color:blue\">JOPE REPRESENTACIONES<\/strong>&nbsp;es una empresa forjada con el conocimiento de&nbsp;<strong>expertos con m\u00e1s de 20 a\u00f1os<\/strong> dedicados al&nbsp;<strong>rubro textil y de confecciones<\/strong>, con exportaciones a nivel mundial cumpliendo con los m\u00e1s&nbsp;<strong>altos est\u00e1ndares de calidad<\/strong>&nbsp;para satisfacer a nuestros clientes.&nbsp;<strong>Somos reconocidos por nuestra calidad en confecciones, estampados, bordados y acabados en Pima, Tanguis, Viscosa y otras fibras.<\/strong><strong style=\"color:blue\"><\/strong><\/p>\n\n\n\n<figure class=\"wp-block-image size-large\"><img loading=\"lazy\" decoding=\"async\" width=\"1024\" height=\"296\" src=\"https:\/\/joperep.com\/wp-content\/uploads\/2022\/09\/jope-polos-1024x296.png\" alt=\"\" class=\"wp-image-30\" srcset=\"https:\/\/joperep.com\/wp-content\/uploads\/2022\/09\/jope-polos-1024x296.png 1024w, https:\/\/joperep.com\/wp-content\/uploads\/2022\/09\/jope-polos-600x174.png 600w, https:\/\/joperep.com\/wp-content\/uploads\/2022\/09\/jope-polos-300x87.png 300w, https:\/\/joperep.com\/wp-content\/uploads\/2022\/09\/jope-polos-768x222.png 768w, https:\/\/joperep.com\/wp-content\/uploads\/2022\/09\/jope-polos-1536x445.png 1536w, https:\/\/joperep.com\/wp-content\/uploads\/2022\/09\/jope-polos.png 1900w\" sizes=\"auto, (max-width: 1024px) 100vw, 1024px\" \/><\/figure>\n\n\n\n<figure class=\"wp-block-image size-large\"><img loading=\"lazy\" decoding=\"async\" width=\"1024\" height=\"296\" src=\"https:\/\/joperep.com\/wp-content\/uploads\/2022\/10\/jope-hilos-1024x296.png\" alt=\"\" class=\"wp-image-108\" srcset=\"https:\/\/joperep.com\/wp-content\/uploads\/2022\/10\/jope-hilos-1024x296.png 1024w, https:\/\/joperep.com\/wp-content\/uploads\/2022\/10\/jope-hilos-300x87.png 300w, https:\/\/joperep.com\/wp-content\/uploads\/2022\/10\/jope-hilos-768x222.png 768w, https:\/\/joperep.com\/wp-content\/uploads\/2022\/10\/jope-hilos-1536x445.png 1536w, https:\/\/joperep.com\/wp-content\/uploads\/2022\/10\/jope-hilos.png 1900w\" sizes=\"auto, (max-width: 1024px) 100vw, 1024px\" \/><\/figure>\n","protected":false},"excerpt":{"rendered":"<p>JOPE REPRESENTACIONES&nbsp;es una empresa forjada con el conocimiento de&nbsp;expertos con m\u00e1s de 20 a\u00f1os dedicados al&nbsp;rubro textil y de confecciones, con exportaciones a nivel mundial cumpliendo con los m\u00e1s&nbsp;altos est\u00e1ndares de calidad&nbsp;para satisfacer a nuestros clientes.&nbsp;Somos reconocidos por nuestra calidad en confecciones, estampados, bordados y acabados en Pima, Tanguis, Viscosa y otras fibras.<\/p>\n","protected":false},"author":1,"featured_media":0,"parent":0,"menu_order":0,"comment_status":"closed","ping_status":"closed","template":"","meta":{"footnotes":""},"class_list":["post-34","page","type-page","status-publish","hentry"],"_links":{"self":[{"href":"https:\/\/joperep.com\/index.php\/wp-json\/wp\/v2\/pages\/34","targetHints":{"allow":["GET"]}}],"collection":[{"href":"https:\/\/joperep.com\/index.php\/wp-json\/wp\/v2\/pages"}],"about":[{"href":"https:\/\/joperep.com\/index.php\/wp-json\/wp\/v2\/types\/page"}],"author":[{"embeddable":true,"href":"https:\/\/joperep.com\/index.php\/wp-json\/wp\/v2\/users\/1"}],"replies":[{"embeddable":true,"href":"https:\/\/joperep.com\/index.php\/wp-json\/wp\/v2\/comments?post=34"}],"version-history":[{"count":22,"href":"https:\/\/joperep.com\/index.php\/wp-json\/wp\/v2\/pages\/34\/revisions"}],"predecessor-version":[{"id":124,"href":"https:\/\/joperep.com\/index.php\/wp-json\/wp\/v2\/pages\/34\/revisions\/124"}],"wp:attachment":[{"href":"https:\/\/joperep.com\/index.php\/wp-json\/wp\/v2\/media?parent=34"}],"curies":[{"name":"wp","href":"https:\/\/api.w.org\/{rel}","templated":true}]}}